{"id":127,"date":"2016-11-04T10:05:12","date_gmt":"2016-11-04T09:05:12","guid":{"rendered":"https:\/\/pubweb.carnet.hr\/huoi\/?page_id=127"},"modified":"2020-07-01T09:11:59","modified_gmt":"2020-07-01T07:11:59","slug":"dokumenti","status":"publish","type":"page","link":"https:\/\/huoi.hr\/?page_id=127&lang=hr","title":{"rendered":"Dokumenti"},"content":{"rendered":"<p><a href=\"http:\/\/pubweb.carnet.hr\/huoi\/wp-content\/uploads\/sites\/561\/2016\/07\/Statut_HUOI-hrv.pdf\" target=\"_blank\">Statut Hrvatskog udru\u017eenja za obrazovna istra\u017eivanja<\/a><\/p>\n<p><a href=\"http:\/\/pubweb.carnet.hr\/huoi\/wp-content\/uploads\/sites\/561\/2020\/07\/eticki_kodeks_HUOI.pdf\" target=\"_blank\">Eti\u010dki kodeks Hrvatskog udru\u017eenja za obrazovna istra\u017eivanja<\/a><\/p>\n","protected":false},"excerpt":{"rendered":"<p>Statut Hrvatskog udru\u017eenja za obrazovna istra\u017eivanja Eti\u010dki kodeks Hrvatskog udru\u017eenja za obrazovna istra\u017eivanja<\/p>\n","protected":false},"author":676,"featured_media":0,"parent":0,"menu_order":0,"comment_status":"closed","ping_status":"closed","template":"","meta":{"footnotes":""},"class_list":["post-127","page","type-page","status-publish","hentry"],"_links":{"self":[{"href":"https:\/\/huoi.hr\/index.php?rest_route=\/wp\/v2\/pages\/127","targetHints":{"allow":["GET"]}}],"collection":[{"href":"https:\/\/huoi.hr\/index.php?rest_route=\/wp\/v2\/pages"}],"about":[{"href":"https:\/\/huoi.hr\/index.php?rest_route=\/wp\/v2\/types\/page"}],"author":[{"embeddable":true,"href":"https:\/\/huoi.hr\/index.php?rest_route=\/wp\/v2\/users\/676"}],"replies":[{"embeddable":true,"href":"https:\/\/huoi.hr\/index.php?rest_route=%2Fwp%2Fv2%2Fcomments&post=127"}],"version-history":[{"count":2,"href":"https:\/\/huoi.hr\/index.php?rest_route=\/wp\/v2\/pages\/127\/revisions"}],"predecessor-version":[{"id":347,"href":"https:\/\/huoi.hr\/index.php?rest_route=\/wp\/v2\/pages\/127\/revisions\/347"}],"wp:attachment":[{"href":"https:\/\/huoi.hr\/index.php?rest_route=%2Fwp%2Fv2%2Fmedia&parent=127"}],"curies":[{"name":"wp","href":"https:\/\/api.w.org\/{rel}","templated":true}]}}